{"id":99,"date":"2021-09-21T17:50:33","date_gmt":"2021-09-21T15:50:33","guid":{"rendered":"http:\/\/aureliebranche.com\/?page_id=99"},"modified":"2021-09-30T16:23:37","modified_gmt":"2021-09-30T14:23:37","slug":"massages-bien-etre","status":"publish","type":"page","link":"http:\/\/aureliebranche.com\/?page_id=99","title":{"rendered":"Massages bien-\u00eatre"},"content":{"rendered":"\n<figure class=\"wp-block-image size-large\"><img loading=\"lazy\" width=\"1024\" height=\"683\" src=\"https:\/\/aureliebranche.com\/wp-content\/uploads\/2021\/09\/Massages-1024x683.jpg\" alt=\"\" class=\"wp-image-130\" srcset=\"http:\/\/aureliebranche.com\/wp-content\/uploads\/2021\/09\/Massages-1024x683.jpg 1024w, http:\/\/aureliebranche.com\/wp-content\/uploads\/2021\/09\/Massages-300x200.jpg 300w, http:\/\/aureliebranche.com\/wp-content\/uploads\/2021\/09\/Massages-768x512.jpg 768w, http:\/\/aureliebranche.com\/wp-content\/uploads\/2021\/09\/Massages-1536x1024.jpg 1536w, http:\/\/aureliebranche.com\/wp-content\/uploads\/2021\/09\/Massages-2048x1365.jpg 2048w\" sizes=\"(max-width: 767px) 89vw, (max-width: 1000px) 54vw, (max-width: 1071px) 543px, 580px\" \/><\/figure>\n\n\n\n<p>Je vous propose des massages bien-\u00eatre adapt\u00e9s \u00e0 votre \u00e9tat d&#8217;\u00eatre au moment o\u00f9 nous nous rencontrons pour vous permettre de vous d\u00e9tendre, rel\u00e2cher les tensions, arr\u00eater le v\u00e9lo qui p\u00e9dale dans la t\u00eate, \u00eatre \u00e0 l&#8217;\u00e9coute de votre corps, et s&#8217;accorder un temps \u00e0 soi.<\/p>\n\n\n\n<p>Massage du dos, du visage, des mains, des jambes ; massage sp\u00e9cial sportif ; massage &#8220;Amma&#8221; sur chaise de massage ; massage &#8220;Kansu&#8221; des pieds avec un bol tib\u00e9tain.<\/p>\n\n\n\n<p>Je masse \u00e9galement les enfants.<\/p>\n\n\n\n<p><\/p>\n\n\n\n<p>Dur\u00e9e &amp; tarif: 30 minutes 30 \u20ac &#8211; 45 minutes 45 \u20ac &#8211;  60 minutes 60 \u20ac<\/p>\n\n\n\n<p>Lieu: vall\u00e9e du Gr\u00e9sivaudan (en-dehors, ajouter des  frais de d\u00e9placement)<\/p>\n\n\n\n<p><em><span class=\"has-inline-color has-vivid-purple-color\">Les massages-bien-\u00eatre propos\u00e9s ont tous pour contre-indication la fi\u00e8vre.<br>Mis \u00e0 part le massage du visage et des mains, tous les autres massages ont \u00e9galement pour contre-indications:les maladies graves non stabilis\u00e9es (maladies auto-immunes, probl\u00e8mes cardiaques, tension art\u00e9rielle, probl\u00e8me de circulation sanguine), la grossesse (position sur le ventre et \u00e9galement \u00e9tirements non recommand\u00e9s). Les zones fragilis\u00e9es (ancienne fracture, infection cutan\u00e9e locale) seront indiqu\u00e9es lors de l&#8217;\u00e9change en d\u00e9but de s\u00e9ance.<br>En cas de doute, demandez l&#8217;avis de votre m\u00e9decin.<\/span><\/em><\/p>\n","protected":false},"excerpt":{"rendered":"<p>Je vous propose des massages bien-\u00eatre adapt\u00e9s \u00e0 votre \u00e9tat d&#8217;\u00eatre au moment o\u00f9 nous nous rencontrons pour vous permettre de vous d\u00e9tendre, rel\u00e2cher les tensions, arr\u00eater le v\u00e9lo qui p\u00e9dale dans la t\u00eate, \u00eatre \u00e0 l&#8217;\u00e9coute de votre corps, et s&#8217;accorder un temps \u00e0 soi. Massage du dos, du visage, des mains, des jambes &hellip; <\/p>\n<p class=\"link-more\"><a href=\"http:\/\/aureliebranche.com\/?page_id=99\" class=\"more-link\">Continue reading<span class=\"screen-reader-text\"> &#8220;Massages bien-\u00eatre&#8221;<\/span><\/a><\/p>\n","protected":false},"author":1,"featured_media":0,"parent":0,"menu_order":0,"comment_status":"closed","ping_status":"closed","template":"","meta":[],"_links":{"self":[{"href":"http:\/\/aureliebranche.com\/index.php?rest_route=\/wp\/v2\/pages\/99"}],"collection":[{"href":"http:\/\/aureliebranche.com\/index.php?rest_route=\/wp\/v2\/pages"}],"about":[{"href":"http:\/\/aureliebranche.com\/index.php?rest_route=\/wp\/v2\/types\/page"}],"author":[{"embeddable":true,"href":"http:\/\/aureliebranche.com\/index.php?rest_route=\/wp\/v2\/users\/1"}],"replies":[{"embeddable":true,"href":"http:\/\/aureliebranche.com\/index.php?rest_route=%2Fwp%2Fv2%2Fcomments&post=99"}],"version-history":[{"count":10,"href":"http:\/\/aureliebranche.com\/index.php?rest_route=\/wp\/v2\/pages\/99\/revisions"}],"predecessor-version":[{"id":151,"href":"http:\/\/aureliebranche.com\/index.php?rest_route=\/wp\/v2\/pages\/99\/revisions\/151"}],"wp:attachment":[{"href":"http:\/\/aureliebranche.com\/index.php?rest_route=%2Fwp%2Fv2%2Fmedia&parent=99"}],"curies":[{"name":"wp","href":"https:\/\/api.w.org\/{rel}","templated":true}]}}